{"id":365,"date":"2017-08-03T08:05:29","date_gmt":"2017-08-03T08:05:29","guid":{"rendered":"http:\/\/rushmore.wpcolorlab.com\/?post_type=event&#038;p=365"},"modified":"2023-04-20T07:06:24","modified_gmt":"2023-04-20T07:06:24","slug":"skolenie","status":"publish","type":"event","link":"http:\/\/ibse.truni.sk\/index.php\/rushmore_event\/skolenie\/","title":{"rendered":"\u0160kolenie u\u010dite\u013eov ch\u00e9mie"},"content":{"rendered":"<div><img decoding=\"async\" loading=\"lazy\" class=\"aligncenter wp-image-2403\" src=\"http:\/\/ibse.truni.sk\/wp-content\/uploads\/2023\/04\/pozvanka-na-skolenie-1024x389.png\" alt=\"\" width=\"1920\" height=\"730\" srcset=\"http:\/\/ibse.truni.sk\/wp-content\/uploads\/2023\/04\/pozvanka-na-skolenie-1024x389.png 1024w, http:\/\/ibse.truni.sk\/wp-content\/uploads\/2023\/04\/pozvanka-na-skolenie-300x114.png 300w, http:\/\/ibse.truni.sk\/wp-content\/uploads\/2023\/04\/pozvanka-na-skolenie-768x292.png 768w, http:\/\/ibse.truni.sk\/wp-content\/uploads\/2023\/04\/pozvanka-na-skolenie-1536x584.png 1536w, http:\/\/ibse.truni.sk\/wp-content\/uploads\/2023\/04\/pozvanka-na-skolenie-2048x779.png 2048w\" sizes=\"(max-width: 1920px) 100vw, 1920px\" \/><\/div>\n<div class=\"x_elementToProof x_ContentPasted0\">Poz\u00fdvame v\u00e1s na \u0161kolenie, v r\u00e1mci ktor\u00e9ho V\u00e1m predstav\u00edme mo\u017enosti spolupr\u00e1ce na v\u00fdskumn\u00fdch \u00faloh\u00e1ch z oblasti ch\u00e9mie.<\/div>\n<div>\u0160kolenie je ur\u010den\u00e9 pre u\u010dite\u013eov ch\u00e9mie a bud\u00facich u\u010dite\u013eov ch\u00e9mie.<\/div>\n<div class=\"x_elementToProof x_ContentPasted0\">Miesto a \u010das:<b>\u00a0 24. apr\u00edla 2023 o 16:00 v priestoroch Katedry ch\u00e9mie PdF TU.\u00a0<\/b><\/div>\n<div class=\"x_elementToProof x_ContentPasted0\">Ak m\u00e1te z\u00e1ujem, pros\u00edme, vypl\u0148te <a href=\"https:\/\/forms.gle\/HA9MGJzpAyLyUtWg6\">registra\u010dn\u00fd formul\u00e1r<\/a>.<\/div>\n<div class=\"x_elementToProof x_ContentPasted0\">Te\u0161\u00edme sa na va\u0161u \u00fa\u010das\u0165.<\/div>\n<div><\/div>\n<p><img decoding=\"async\" loading=\"lazy\" class=\"alignnone size-full wp-image-1830\" src=\"http:\/\/ibse.truni.sk\/wp-content\/uploads\/2018\/09\/louis-reed-747379-unsplash-1.jpg\" alt=\"\" width=\"1920\" height=\"433\" \/><\/p>\n","protected":false},"excerpt":{"rendered":"<p>Poz\u00fdvame v\u00e1s na \u0161kolenie, v r\u00e1mci ktor\u00e9ho V\u00e1m predstav\u00edme mo\u017enosti spolupr\u00e1ce na v\u00fdskumn\u00fdch \u00faloh\u00e1ch z oblasti ch\u00e9mie. \u0160kolenie je ur\u010den\u00e9 pre u\u010dite\u013eov ch\u00e9mie a bud\u00facich u\u010dite\u013eov ch\u00e9mie. Miesto a \u010das:\u00a0 24. apr\u00edla 2023 o 16:00 v priestoroch Katedry ch\u00e9mie PdF TU.\u00a0 Ak m\u00e1te z\u00e1ujem, pros\u00edme, vypl\u0148te registra\u010dn\u00fd formul\u00e1r. Te\u0161\u00edme sa na va\u0161u \u00fa\u010das\u0165.<\/p>\n","protected":false},"author":1,"featured_media":0,"template":"","_links":{"self":[{"href":"http:\/\/ibse.truni.sk\/index.php\/wp-json\/wp\/v2\/event\/365"}],"collection":[{"href":"http:\/\/ibse.truni.sk\/index.php\/wp-json\/wp\/v2\/event"}],"about":[{"href":"http:\/\/ibse.truni.sk\/index.php\/wp-json\/wp\/v2\/types\/event"}],"author":[{"embeddable":true,"href":"http:\/\/ibse.truni.sk\/index.php\/wp-json\/wp\/v2\/users\/1"}],"wp:attachment":[{"href":"http:\/\/ibse.truni.sk\/index.php\/wp-json\/wp\/v2\/media?parent=365"}],"curies":[{"name":"wp","href":"https:\/\/api.w.org\/{rel}","templated":true}]}}

Školenie učiteľov chémie

<div><img decoding="async" loading="lazy" class="aligncenter wp-image-2403" src="http://ibse.truni.sk/wp-content/uploads/2023/04/pozvanka-na-skolenie-1024x389.png" alt="" width="1920" height="730" srcset="http://ibse.truni.sk/wp-content/uploads/2023/04/pozvanka-na-skolenie-1024x389.png 1024w, http://ibse.truni.sk/wp-content/uploads/2023/04/pozvanka-na-skolenie-300x114.png 300w, http://ibse.truni.sk/wp-content/uploads/2023/04/pozvanka-na-skolenie-768x292.png 768w, http://ibse.truni.sk/wp-content/uploads/2023/04/pozvanka-na-skolenie-1536x584.png 1536w, http://ibse.truni.sk/wp-content/uploads/2023/04/pozvanka-na-skolenie-2048x779.png 2048w" sizes="(max-width: 1920px) 100vw, 1920px" /></div>
<div class="x_elementToProof x_ContentPasted0">Pozývame vás na školenie, v rámci ktorého Vám predstavíme možnosti spolupráce na výskumných úlohách z oblasti chémie.</div>
<div>Školenie je určené pre učiteľov chémie a budúcich učiteľov chémie.</div>
<div class="x_elementToProof x_ContentPasted0">Miesto a čas:<b>  24. apríla 2023 o 16:00 v priestoroch Katedry chémie PdF TU. </b></div>
<div class="x_elementToProof x_ContentPasted0">Ak máte záujem, prosíme, vyplňte <a href="https://forms.gle/HA9MGJzpAyLyUtWg6">registračný formulár</a>.</div>
<div class="x_elementToProof x_ContentPasted0">Tešíme sa na vašu účasť.</div>
<div></div>
<p><img decoding="async" loading="lazy" class="alignnone size-full wp-image-1830" src="http://ibse.truni.sk/wp-content/uploads/2018/09/louis-reed-747379-unsplash-1.jpg" alt="" width="1920" height="433" /></p>

<p>Pozývame vás na školenie, v rámci ktorého Vám predstavíme možnosti spolupráce na výskumných úlohách z oblasti chémie. Školenie je určené pre učiteľov chémie a budúcich učiteľov chémie. Miesto a čas:  24. apríla 2023 o 16:00 v priestoroch Katedry chémie PdF TU.  Ak máte záujem, prosíme, vyplňte registračný formulár. Tešíme sa na vašu účasť.</p>
